{"id":16925,"date":"2015-10-21T15:45:28","date_gmt":"2015-10-21T15:45:28","guid":{"rendered":"https:\/\/www.consultoriatt.com\/?post_type=portfolio_page&#038;p=16925"},"modified":"2026-01-07T09:04:47","modified_gmt":"2026-01-07T09:04:47","slug":"subvencion-por-el-alumbrado-de-santa-maria-de-olo-bages","status":"publish","type":"portfolio_page","link":"https:\/\/www.consultoriatt.com\/es\/portfolio_page\/subvencion-por-el-alumbrado-de-santa-maria-de-olo-bages\/","title":{"rendered":"Subvenci\u00f3n por el alumbrado de Santa Maria de Ol\u00f3 (Bages)"},"content":{"rendered":"<p>Con motivo de la publicaci\u00f3n de ayudas para adecuar el alumbrado p\u00fablico el Ayuntamiento de Santa Maria de Ol\u00f3 encarga con car\u00e1cter de urgencia a Consultor\u00eda T\u00e9cnica Transversal la preparaci\u00f3n de la documentaci\u00f3n t\u00e9cnica necesaria para optar a las ayudas publicadas en el DOGC el 17\/06\/2015. Para optar a \u00e9stas se decide intervenir en la calle Manel L\u00f3pez del municipio. En septiembre se confirma la obtenci\u00f3n de la ayuda para el suministro e instalaci\u00f3n de 40 puntos de luz de tipo LED AMBRE. Con esta actuaci\u00f3n se mejorar\u00e1 el impacto lum\u00ednico en el medio nocturno con la disminuci\u00f3n del FHS hasta el 1%, se sustituir\u00e1 las lumineras por unas de radiancia adecuada a los entornos cercanos a zonas E2 (\u00e1mbar) y la retirada de luminarias de VM.<\/p>\n","protected":false},"excerpt":{"rendered":"<p>Con motivo de la publicaci\u00f3n de ayudas para adecuar el alumbrado p\u00fablico el Ayuntamiento de Santa Maria de Ol\u00f3 encarga con car\u00e1cter de urgencia a Consultor\u00eda T\u00e9cnica Transversal la preparaci\u00f3n de la documentaci\u00f3n t\u00e9cnica necesaria para optar a las ayudas publicadas en el DOGC el&#8230;<\/p>\n","protected":false},"author":1,"featured_media":15638,"menu_order":0,"comment_status":"closed","ping_status":"closed","template":"","portfolio_category":[1211,1250],"portfolio_tag":[],"class_list":["post-16925","portfolio_page","type-portfolio_page","status-publish","has-post-thumbnail","hentry","portfolio_category-alumbrado-publico","portfolio_category-subvencion"],"_links":{"self":[{"href":"https:\/\/www.consultoriatt.com\/es\/wp-json\/wp\/v2\/portfolio_page\/16925","targetHints":{"allow":["GET"]}}],"collection":[{"href":"https:\/\/www.consultoriatt.com\/es\/wp-json\/wp\/v2\/portfolio_page"}],"about":[{"href":"https:\/\/www.consultoriatt.com\/es\/wp-json\/wp\/v2\/types\/portfolio_page"}],"author":[{"embeddable":true,"href":"https:\/\/www.consultoriatt.com\/es\/wp-json\/wp\/v2\/users\/1"}],"replies":[{"embeddable":true,"href":"https:\/\/www.consultoriatt.com\/es\/wp-json\/wp\/v2\/comments?post=16925"}],"wp:featuredmedia":[{"embeddable":true,"href":"https:\/\/www.consultoriatt.com\/es\/wp-json\/wp\/v2\/media\/15638"}],"wp:attachment":[{"href":"https:\/\/www.consultoriatt.com\/es\/wp-json\/wp\/v2\/media?parent=16925"}],"wp:term":[{"taxonomy":"portfolio_category","embeddable":true,"href":"https:\/\/www.consultoriatt.com\/es\/wp-json\/wp\/v2\/portfolio_category?post=16925"},{"taxonomy":"portfolio_tag","embeddable":true,"href":"https:\/\/www.consultoriatt.com\/es\/wp-json\/wp\/v2\/portfolio_tag?post=16925"}],"curies":[{"name":"wp","href":"https:\/\/api.w.org\/{rel}","templated":true}]}}

Subvención por el alumbrado de Santa Maria de Oló (Bages)

<p>Con motivo de la publicación de ayudas para adecuar el alumbrado público el Ayuntamiento de Santa Maria de Oló encarga con carácter de urgencia a Consultoría Técnica Transversal la preparación de la documentación técnica necesaria para optar a las ayudas publicadas en el DOGC el 17/06/2015. Para optar a éstas se decide intervenir en la calle Manel López del municipio. En septiembre se confirma la obtención de la ayuda para el suministro e instalación de 40 puntos de luz de tipo LED AMBRE. Con esta actuación se mejorará el impacto lumínico en el medio nocturno con la disminución del FHS hasta el 1%, se sustituirá las lumineras por unas de radiancia adecuada a los entornos cercanos a zonas E2 (ámbar) y la retirada de luminarias de VM.</p>

<p>Con motivo de la publicación de ayudas para adecuar el alumbrado público el Ayuntamiento de Santa Maria de Oló encarga con carácter de urgencia a Consultoría Técnica Transversal la preparación de la documentación técnica necesaria para optar a las ayudas publicadas en el DOGC el&#8230;</p>
